 - 5 - 1, 4*p = -5*t - 3. Let f = p + o. What is the units digit of f?
6
Suppose 4*o + 11 = -0*q + q, -3*o = 4*q - 120. What is the units digit of q?
7
Suppose -2 = -w + 6. Let u = 24 - w. What is the units digit of u?
6
Suppose -14*q - 118 = -15*q. What is the hundreds digit of q?
1
Suppose -4*j + 9*j = 5. What is the tens digit of (-15)/6*(-4)/j?
1
Suppose l - 8 = -d, l - 2 - 1 = -2*d. Let s(x) be the third derivative of -x**6/120 + 13*x**5/60 + x**4/12 - 7*x**3/6 - x**2. What is the tens digit of s(l)?
1
Suppose 2*n - 5*x = 3*n - 8, 3*x = -5*n + 18. Suppose 0 = 3*g - t - 10, 3*g - n*t + 30 = 6*g. Suppose g*u - 16 - 29 = 0. What is the units digit of u?
9
Suppose 5*y - 4 - 1 = 0. Let l be -6*(3/(-6))/y. Let j = l - -2. What is the units digit of j?
5
Suppose 22 = 2*u - w, 0*u = 2*u + 5*w - 46. Let h = -10 - u. What is the tens digit of (-1)/(-2) - h/2?
1
Suppose -4*b + b - v = -1, 4*b + 3*v = -7. Let d be b/(-4) + (-85)/(-10). Suppose -3*o + 2 - 6 = 5*z, -2*o - d = -2*z. What is the units digit of z?
1
Suppose 0*l + 4*l = -5*h + 17, -20 = -5*l - 5*h. Suppose -13 = -l*a - 2*i + 13, 0 = 5*i + 25. What is the units digit of a?
2
Let t be 2*(6/4)/3. Let x(y) = 5*y**3 + y. Let g be x(t). What is the units digit of ((-3)/g)/((-1)/18)?
9
Suppose -4*d - 16 = 0, -5*n - 53 = -5*d - 238. Suppose 5*a = 3*a - 2*m - 18, 0 = -4*a - m - n. Let w = -5 - a. What is the units digit of w?
3
Suppose 4*h + 3*n = 91, -2*n - 67 = -3*h - 4*n. What is the units digit of h?
9
Let d be 7 + 0 + 6/3. Let f = d + -4. What is the units digit of f?
5
What is the units digit of 3/(-1 + -2)*-71 - -1?
2
Let y be -1*(-10)/2 - 0. Suppose 5*l = -4*v + 77, 27 = -v + y*v - 5*l. What is the units digit of v?
3
Let a be (0 + -3 + -10)*1. Let k = a + 5. What is the units digit of (63/(-12))/(3/k)?
4
Let u(q) = q**3 - 1 - 6*q + 7*q - 2*q**3. Let t be u(0). What is the units digit of -3 - (t + (-36)/2)?
6
Let a be (3 + -9)/2 + 42. Let j = a + -12. What is the units digit of j?
7
Suppose 0 = 3*f - 4*r - 179, 2*r = -3*f + r + 169. What is the tens digit of f?
5
Let m = -4 + 6. What is the units digit of m?
2
Suppose -5 = 4*w - 1. Let h be (4 + w)*20/3. Suppose 4*b - 2*y = 40, 4*y = -2*b - 0*b + h. What is the units digit of b?
0
Suppose 0*u - 12 = 3*u. Let s(y) = -y**3 - 4*y**2. Let r be s(u). Suppose r = -g + 8 + 7. What is the units digit of g?
5
Let p(d) = -d**3 + 12*d**2 - 10*d + 13. Suppose 33 = -0*s + 3*s. What is the units digit of p(s)?
4
Let x(b) = 13. Let v(i) = -i - 66. Let s(z) = 2*v(z) + 11*x(z). Let a be s(8). Let p = a - -8. What is the units digit of p?
3
Let z(i) be the first derivative of i**3/3 - 2*i**2 + 3*i + 5. What is the units digit of z(8)?
5
Suppose 8 = 2*m - 2. Suppose l + 2 = b - 0, -3*l = m*b - 26. What is the units digit of l?
2
Let r = -42 + 29. What is the units digit of (4/(-6))/(r/780)?
0
Let h(l) = -l**2 + 5*l - 3. Let c be h(2). Let f = c + 6. What is the units digit of f?
9
Suppose -3*s + g = -38, 3*s - 2*g + 5*g - 18 = 0. What is the tens digit of s?
1
Suppose -4*b + 11 = -3*x, -4*b = -3*b - 5. Suppose -x = -5*o + 12. What is the units digit of (1/o)/((-5)/(-30))?
2
Suppose -3*f - 91 = -391. Suppose 3*q - f = -2*q. What is the tens digit of q?
2
Suppose 3*s + 36 - 246 = 0. What is the tens digit of s?
7
What is the units digit of 268/6 + 16/(-24)?
4
Suppose -6*z + 1251 = 3*z. What is the units digit of z?
9
Suppose y = 5*y. Suppose -9 = -l - y. What is the units digit of l?
9
Suppose 150 = 3*i - 5*d, 285 = 4*i - 3*d + 74. What is the tens digit of i?
5
Suppose 4*m - 942 = 2*a, -4*a - 465 = -2*m - a. What is the units digit of m?
7
What is the units digit of ((-6)/12)/((-1)/62)?
1
Suppose -a + 9 = -0. Let c = -1 - 2. Let z = a + c. What is the units digit of z?
6
Suppose 2*x = -3*s - 4, -2*s - 4 = -4*s + 2*x. Suppose 0 = -4*l - s*l + 4. What is the units digit of l?
1
Suppose 2*p + 2*p - 22 = 2*m, -2*m - 15 = -3*p. Suppose 2*g + 2*n + 1 = p, 3*g + 5*n = 11. Suppose -2*q = -g - 8. What is the units digit of q?
5
Suppose 14 + 16 = -5*n. What is the tens digit of (-258)/(-18) - 4/n?
1
Suppose u - 48 = 4*g + 13, 3*g = -3*u + 108. What is the units digit of u?
1
Let r be 69/21 + (-2)/7. Suppose 6*m = r*m. What is the units digit of ((-13)/(1 - m))/(-1)?
3
Let q be (9 + -31)/(1/(-1)). Suppose -5*b + q = -3*b. What is the units digit of b?
1
Let p = 69 + -34. Let o = 1 + p. What is the units digit of o?
6
Suppose -3*j + v = -5*j + 91, 4*j - 167 = v. What is the tens digit of j?
4
Suppose -4*r - 3*a = r - 105, -105 = -5*r + 5*a. Let m be (-7)/28 - r/(-4). Let q = 6 - m. What is the units digit of q?
1
Suppose 0 = c - 3 - 4. Let s = -5 + 9. Suppose -7 = -s*o - k, -o - k - k - c = 0. What is the units digit of o?
3
Let r(u) = -10*u - 11. What is the tens digit of r(-4)?
2
Let s = -230 - -457. What is the units digit of s?
7
Let y be 2*4 - (2 - 0). Let x = 21 - y. What is the tens digit of x?
1
Let g(z) = -z**2 - 2*z - 1. Let s be g(-1). Let b be s/2*(0 + -1). Suppose 2*a = 4*o - b*a - 4, 5*o - 5 = -2*a. What is the units digit of o?
1
Suppose 2*h + 5*v = -7, -6*h - v = -h + 6. What is the units digit of (-5 + 0 + 1)*h?
4
Suppose l + 14 = -f, 0*f + 42 = -5*f + 2*l. Let q = 20 - 4. Let x = f + q. What is the units digit of x?
6
Let q(l) = -2*l - 3*l + 6*l + 9 + 0. What is the tens digit of q(10)?
1
Let b(q) = -q**3 - 6*q**2 + q + 2. What is the tens digit of b(-7)?
4
Let c be (-22)/(-6) - (-4)/(-6). Suppose a - 37 = -2*k, 3*k + a - 68 = -c*a. Suppose -t + k = u + 6, 3*t + 4*u = 27. What is the units digit of t?
3
Suppose -4 = 2*t + 2*k, 0*t = 4*t - k - 7. Let a(j) = -j**2 - 2*j + 1. Let g be a(t). What is the units digit of (-10)/(-1 - 1) + g?
3
Let w(o) = o**2 - o + 65. What is the tens digit of w(0)?
6
Let j be (-1*3)/((-33)/44). What is the units digit of (-737)/(-22) - 6/j?
2
Let w(j) = -j**3 - 13*j**2 - 4*j + 6. What is the tens digit of w(-13)?
5
Suppose 2*y - 4*y - 12 = 4*p, 2*y - 5*p - 33 = 0. Suppose k = y*k. Suppose -u + 5 = -a, k = -2*u - 3*u + a + 21. What is the units digit of u?
4
Let h = 28 + -19. Suppose -19 = 2*d + 5*x, -3*x = 5*d - 0*d. Let n = h - d. What is the units digit of n?
6
Let d be 12/9*27/6. Suppose m - 4*p - 27 = d, 2*m - 6 = -4*p. What is the units digit of m?
3
Suppose 0 = -6*f + 2*f. Suppose 2*n - 4 = -f*n. What is the units digit of (-237)/(-27) - n/(-9)?
9
Suppose 8*t + 195 = 9*t. What is the tens digit of t?
9
Let w(z) = -z**3 + 5*z**2 + 8*z - 4. What is the units digit of w(6)?
8
Let l = 29 - 3. What is the units digit of l?
6
Let o be (125/(-10))/(1/(-2)). Suppose z - 3*d = 5*z - 37, -4*z + d + o = 0. What is the units digit of z?
7
Suppose -4*p + i = -17, -4*p - 9*i = -4*i - 35. Let c = p - 5. Suppose 5*k - b + c*b = 42, 4*k - b - 34 = 0. What is the units digit of k?
8
Let p = -7 + 9. Suppose 7 = 2*w + q + 2*q, 4*q - 4 = -p*w. Suppose 48 = w*k - 4*k. What is the units digit of k?
2
Let h(l) = 145*l + 16. What is the hundreds digit of h(2)?
3
Let a(r) = 16*r + 3. Let d be a(-2). Let k = 62 + d. Suppose 0 = -3*t - 3*o + k, -24 = -0*t - 2*t - 3*o. What is the units digit of t?
9
Let x = 10 - 7. Suppose 4*o - o - 19 = m, 21 = o - 4*m. Suppose -o*d + 17 = -x. What is the units digit of d?
4
Let z = -12 - -15. What is the units digit of z?
3
Suppose 0 = 2*a - 4*a - 4. Let n be (-20)/6*3/a. Suppose 40 = n*k - k. What is the units digit of k?
0
What is the units digit of (-3 - 2)*-1*7?
5
Let t(h) be the third derivative of h**6/120 - h**5/60 - h**4/24 + h**3/3 - 2*h**2. What is the units digit of t(0)?
2
Suppose 0 = 4*w - r - 8, 4*w + 0*w - 8 = -r. Let i be (w - -1)*7/3. Suppose 0 = -3*n - i + 43. What is the tens digit of n?
1
Let g(c) be the first derivative of c**4/4 - 5*c**3/3 + 3*c**2/2 + 5*c + 4. What is the units digit of g(4)?
1
Suppose 0 = -d + 5*c + 2 + 4, c = -2*d + 12. Suppose -r + 70 = r. Suppose -b - r = -d*b. What is the units digit of b?
7
Suppose -4*y - 4*p = -0*p - 252, 0 = 3*p + 9. What is the tens digit of y?
6
Suppose -5*d + d + 4 = 0. What is the tens digit of (56/d)/4 - 0?
1
Let o(c) = 2*c**2 - 5*c - 2. Let w be o(4). Suppose -4*r - 2 = -w. Suppose -3*p + r*p = -7. What is the units digit of p?
7
Suppose 0*b + 32 = 2*b. What is the tens digit of b?
1
Suppose 237 = -2*p - 2*q - 399, q + 1598 = -5*p. Let k 